60/(-2)*4/(-8). Let u be r/5 - 1/(-1). Let z = u + 18. Calculate the remainder when z is divided by 12.
10
Let g(p) = -5*p - 3*p**3 - 2 - 5*p**3 + p**2 + 2*p - 5*p**2. Calculate the remainder when g(-2) is divided by (-1 + 2)/((-1)/(-18)).
16
Let q = 46 + -23. Let a = -41 - -131. What is the remainder when a is divided by q?
21
Suppose -s + v + 8 = 0, 3*s + 6*v - 2*v + 11 = 0. Let n(q) = q. What is the remainder when 66/14 + 4/14 is divided by n(s)?
2
Suppose -3*z + 6*z - 3 = 0. Suppose 4*w - 25 = -z. Let t = 10 - 6. Calculate the remainder when w is divided by t.
2
Let u = 98 + -67. Calculate the remainder when 59 is divided by u.
28
Let g = -14 - -23. Calculate the remainder when 32 is divided by g.
5
Let l(j) be the third derivative of -5*j**4/8 + j**3/6 + 2*j**2. Let k(i) = 30*i**3 - i**2 + 1. Calculate the remainder when k(1) is divided by l(-1).
14
Let a = -16 + 29. Suppose -2*b - 70 = -3*f, 76*f - 2*b - 22 = 75*f. What is the remainder when f is divided by a?
11
Let h = 5 + -5. Suppose 4*t - 4*a + h*a = 76, 2*t = -2*a + 18. What is the remainder when 27 is divided by t?
13
Let y = 4 - -37. Calculate the remainder when 203 is divided by y.
39
Suppose -2*l = -5*l. Let q = l + 3. What is the remainder when 12 is divided by q?
0
Calculate the remainder when 50 is divided by 1 + (-256)/(-14) + (-4)/14.
12
Let m(d) = -2*d**2 + 3*d**2 - d + 4*d**2. Let u(x) = x. Let t(v) = m(v) + 5*u(v). Calculate the remainder when t(-3) is divided by 17.
16
Let o = 23 + -20. Suppose 5*i = 2*m + 15, -3*i - 15 = o*m - 45. What is the remainder when i is divided by 3?
2
Let p(r) = r**3 + 5*r**2 - 3*r - 10. Calculate the remainder when p(-5) is divided by 3.
2
Suppose m = -3*m + 116. Calculate the remainder when 56 is divided by m.
27
Let l(y) = -y**2 + 10*y - 10. Let q be l(9). Let g be 4/(q/(177/(-6))). Suppose 0 = 5*w - 3*w - g. Calculate the remainder when w is divided by 20.
19
Let j(h) be the third derivative of -h**6/120 + h**5/60 + h**4/12 + h**3/6 - 2*h**2. What is the remainder when 16 is divided by j(-2)?
7
Let k(y) = -y**3 + 10*y**2 + 13*y - 20. Suppose 0*p + 6 = 3*p. Calculate the remainder when p is divided by k(11).
0
Let t(c) = 4*c + 4. What is the remainder when 34 is divided by t(2)?
10
Let o = 223 + -126. Suppose 4*x - o = -3*a, 2*a - 111 + 37 = 2*x. What is the remainder when a is divided by 19?
16
Let y = -4 + 19. Let t(v) = -v**2 - 14*v - 16. Calculate the remainder when y is divided by t(-12).
7
Suppose -62 = 5*h + 33. Let g be ((-4)/(-5) + 0)*-15. Let m = g - h. What is the remainder when m is divided by 3?
1
Suppose -3*q - 309 = -3*t, -4*q + 200 = 5*t - 3*t. What is the remainder when t is divided by 21?
18
Let x = 42 + -9. What is the remainder when x is divided by 17?
16
Let g be (-2 - 0)*(-10)/5. Suppose 0 = -g*v + 32 - 0. Calculate the remainder when 13 is divided by v.
5
Suppose -5*i + 33 = -12. Let v(o) = -3*o + 1. Let u be v(-4). Let c = u - -22. What is the remainder when c is divided by i?
8
Let g = 35 - -8. What is the remainder when g is divided by 11?
10
Suppose -3*b - 2*q = -6*b + 28, q + 18 = 2*b. Let a(o) = -o**3 - 10*o**2 - 10*o + 6. What is the remainder when a(-9) is divided by b?
7
Let n(w) = -w**3 - 4*w - 4. Let r be n(5). Let x = r - -273. Calculate the remainder when (1 - 3)*x/(-8) is divided by 11.
9
Let t = 2 - -10. Let i(l) be the third derivative of l**4/3 + l**3/2 + 4*l**2. What is the remainder when i(4) is divided by t?
11
Suppose 2*w - 60 = -5*n, 5*w - 2*n + 6*n = 184. Calculate the remainder when 198 is divided by w.
38
Let k(z) = z**2 + 5*z + 5. Let y = -110 + 422. Calculate the remainder when 3/(-15) + y/10 is divided by k(-6).
9
Let h(x) = -x**2 - 13*x + 3. Let q be h(-13). Suppose -29 = -5*o - 2*b, 0 = -q*o - 2*b + 7 + 12. What is the remainder when 17 is divided by o?
2
Suppose -m + 2088 = 3*m. Let n be (-12)/(-42) + m/(-14). Calculate the remainder when (0 - 2 - -1)*n is divided by 13.
11
Let g(q) = -q + 0*q + 5*q. Let r be g(4). Suppose 2*w = 6*w - r. What is the remainder when 7 is divided by w?
3
Let l(i) = 6*i - 1. Suppose 6*n + 28 - 112 = 0. Calculate the remainder when n is divided by l(1).
4
Suppose -x - 3 = 0, -7*x + 4*x - 150 = -3*c. Calculate the remainder when c is divided by 12.
11
Let z = 97 - -23. Suppose 3*a - 3*d - 54 = 0, 5*a - 3*d - z + 38 = 0. What is the remainder when a is divided by 5?
4
Suppose 2*f + 2 = 28. Let w(j) = 2*j**2 - 6*j + 4. Let q be w(4). Calculate the remainder when (-28)/(-2)*42/q is divided by f.
10
Let b = 4 - -1. Suppose -32 = s - b*s. Calculate the remainder when s is divided by 3.
2
Let r(f) = -f**2 - 21*f + 23. Calculate the remainder when r(-21) is divided by 13.
10
Let a(z) = z**3 + 12*z**2 - 2*z - 20. Calculate the remainder when a(-9) is divided by 35.
31
Suppose -4*q + 261 - 13 = 0. Calculate the remainder when q is divided by 32.
30
Let b(s) = s**3 + 3*s**2 - 5*s - 2. Let q be b(-4). Suppose -p - o = 3*p - 37, q*p + o - 17 = 0. Calculate the remainder when 28 is divided by p.
8
Suppose 0 = -2*i - 3*k + 8 + 1, -4*i + 13 = k. Suppose -i*m + m + 50 = 0. Let s = 39 - 30. What is the remainder when m is divided by s?
7
Suppose 27 + 27 = 3*y. Suppose -2*p = -0*p - 52. What is the remainder when p is divided by (y/4)/(1/2)?
8
Let w(v) be the first derivative of -2*v**2 - 2*v - 2. Let z = -15 + 56. What is the remainder when z is divided by w(-4)?
13
Let d(c) = 10*c - 41. Calculate the remainder when 56 is divided by d(6).
18
Suppose 3*c + 0*c = -2*w - 9, -4*w + 3 = -c. Suppose -n + 7 + 6 = w. Suppose p - 25 = -0. Calculate the remainder when p is divided by n.
12
Let l(b) = -2*b - 2. Let o be l(1). What is the remainder when (1*-8)/(-4) - o is divided by 3?
0
Suppose 3*n + w = -4*w + 13, -5*w = -2*n + 42. Calculate the remainder when 83 is divided by n.
6
Let r(p) = -p**3 - p**2 - 30. Let a be r(0). Let y = 17 + a. Let u = -7 - y. Calculate the remainder when u is divided by 4.
2
Suppose 45 = 3*q + 15. Suppose 0*h + 2*h - q = 0. Let x = 6 - h. Calculate the remainder when 1 is divided by x.
0
Let u(f) = f**2 - 3*f + 2. Let m be u(2). Let n = m + 0. Suppose 3*w - x - 105 = 0, n = 3*w - 7*w - x + 140. Calculate the remainder when w is divided by 12.
11
Let p(c) = 3*c + 17. What is the remainder when 153 is divided by p(3)?
23
Calculate the remainder when (3 - (83 - -6))*(-2)/4 is divided by 23.
20
Let y = -7 + -7. What is the remainder when (-454)/(-18) - y/(-63) is divided by 13?
12
Let f be (32/10)/((-2)/(-80)). Suppose 0 = -2*w + 6*w - f. What is the remainder when w is divided by 11?
10
Suppose -6*o = -5*o - 23. Calculate the remainder when 41 is divided by o.
18
Let x = -17 + 25. Let w(p) = p - 5. Let u be w(x). Suppose -j - u = 3*m - 16, -3*m = 3*j - 27. What is the remainder when 20 is divided by j?
6
What is the remainder when 29 is divided by -4*(-6*1 + 4)?
5
Let a = 25 - 9. What is the remainder when a is divided by 5?
1
Let m = 11 - 8. Calculate the remainder when 5 is divided by m.
2
Let c(n) = -n**3 + 10*n**2 - 8*n + 6. Calculate the remainder when c(6) is divided by 27.
21
Let v(s) = s**3 + 7*s**2 + 2*s - 6. What is the remainder when v(-4) is divided by 13?
8
Let s(r) = 3*r**2 + 7*r - 2. Let q = -5 - -5. Suppose 2*d + 4*h - 38 = q, -9 - 15 = -3*d + 5*h. Calculate the remainder when s(-5) is divided by d.
12
Suppose 11*x - 821 - 422 = 0. Calculate the remainder when x is divided by 29.
26
What is the remainder when 22 is divided by (-64)/(-8)*1/1?
6
Let w = 9 + -6. Calculate the remainder when (14 - 0/(-2)) + w is divided by 10.
7
Suppose 7*f - 10*f + 81 = 0. What is the remainder when 79 is divided by f?
25
Let f = 97 - 46. Calculate the remainder when f is divided by 26.
25
Suppose 28*a + 616 = 39*a. Let f(k) = -k**2 - 10*k - 6. What is the remainder when a is divided by f(-5)?
18
Let v(i) = 1 + 10*i + 3 + 3 + 0*i. Calculate the remainder when v(6) is divided by 17.
16
Suppose 2*w = -5*b + 205, w + 4*b - 25 = 85. Calculate the remainder when w is divided by 46.
44
Suppose -3*s + 2*k + 29 = 0, 3*s = s - 4*k + 30. Calculate the remainder when (-4)/3*6/(-16)*38 is divided by s.
8
What is the remainder when -21*((-48)/9 - -2) is divided by 24?
22
Let s be (-1)/(2/4 - 0). What is the remainder when 1/(s - 90/(-44)) is divided by 8?
6
Let g = -5 